13?
-130215
In base 11, what is -1 + -10996?
-10997
In base 15, what is 80c - -23?
830
In base 8, what is 15 - -4667?
4704
In base 10, what is 46 + -20566?
-20520
In base 5, what is -1104022 + 23?
-1103444
In base 3, what is -10 + 2212222?
2212212
In base 16, what is -2239 - 1?
-223a
In base 4, what is -130 + -123231?
-130021
In base 7, what is -2321540 + -3?
-2321543
In base 14, what is b42a9 - 1?
b42a8
In base 9, what is 3 - 78381?
-78377
In base 16, what is -a + -5f4?
-5fe
In base 3, what is -1 + -10020211?
-10020212
In base 9, what is 86024 + -1?
86023
In base 2, what is 11 - 1111010001000?
-1111010000101
In base 6, what is 1 - -123511?
123512
In base 14, what is 28c + 515?
7a3
In base 14, what is -23b - -5c4?
387
In base 13, what is -4 + 1c894?
1c890
In base 6, what is 40 + -41124?
-41044
In base 5, what is 2314104 - 10?
2314044
In base 13, what is -3619 - 3?
-361c
In base 14, what is -5 - -19881?
1987a
In base 6, what is 12320511 - 5?
12320502
In base 7, what is -250 + 156?
-61
In base 10, what is -131 - 963?
-1094
In base 6, what is 4024044 - 11?
4024033
In base 11, what is 4783 - 39?
4745
In base 5, what is 0 + 41100143?
41100143
In base 9, what is -165 - 3?
-168
In base 12, what is 1 - 181a9?
-181a8
In base 9, what is 20874 - 6?
20867
In base 6, what is -223344 - 43?
-223431
In base 16, what is 9 - -55d4?
55dd
In base 8, what is 11 - 22?
-11
In base 4, what is -1111031023 - -10?
-1111031013
In base 12, what is 6 - 16379?
-16373
In base 14, what is 2 + 231c?
2320
In base 7, what is 6236 - -122?
6361
In base 2, what is -111001001011100 + 1101?
-111001001001111
In base 8, what is 24723 - -6?
24731
In base 11, what is -16a83a - 3?
-16a842
In base 6, what is -553 + -1010?
-2003
In base 13, what is 0 + c87?
c87
In base 13, what is 115c34 + 5?
115c39
In base 4, what is 101 - -203232231?
203232332
In base 6, what is 112423 - 312?
112111
In base 16, what is 1e4bc + -6?
1e4b6
In base 14, what is -1 - 1424?
-1425
In base 16, what is -f9 - 2d?
-126
In base 10, what is 5 + 35055?
35060
In base 6, what is 501 - -1330?
2231
In base 16, what is -37d - 19?
-396
In base 6, what is -4411 + 220?
-4151
In base 13, what is -865b4 - 3?
-865b7
In base 12, what is -3 + -347a?
-3481
In base 8, what is 502057 - 0?
502057
In base 15, what is 152e + 5?
1534
In base 2, what is 101101111100 + -10111101?
101010111111
In base 10, what is 3 + -2060161?
-2060158
In base 15, what is 110 + -1405?
-12e5
In base 12, what is -78a - 19?
-7a7
In base 6, what is 331414 + 31?
331445
In base 16, what is 33 + -be?
-8b
In base 3, what is 2 - 2001012211?
-2001012202
In base 14, what is 75 + -3772?
-36db
In base 5, what is 400423 - 3?
400420
In base 14, what is 5 + -a02c?
-a027
In base 4, what is 21210 - 1020?
20130
In base 14, what is -a2 + -136?
-1d8
In base 12, what is 19 + b985?
b9a2
In base 8, what is 25 + 206650?
206675
In base 8, what is -30 - -237113?
237063
In base 13, what is -4 - 51793?
-51797
In base 9, what is -712 - 1527?
-2340
In base 4, what is -1 - -13203110?
13203103
In base 15, what is -41 + -4396?
-43d7
In base 7, what is -5 - -566122?
566114
In base 14, what is -1 - -23200?
231dd
In base 9, what is -3 + -16788?
-16802
In base 13, what is 2cc2 - b?
2cb4
In base 13, what is -10182 - -9?
-10176
In base 13, what is 6c + -3581?
-3512
In base 12, what is 15 + b85b?
b874
In base 8, what is 1037 + 25?
1064
In base 14, what is -713c29 + 2?
-713c27
In base 3, what is 101012120121 - 1?
101012120120
In base 4, what is -11 - -113323231?
113323220
In base 15, what is 272d4 - 9?
272ca
In base 9, what is 2875077 + -1?
2875076
In base 14, what is 1 + -383d?
-383c
In base 4, what is -1021113220 + -1?
-1021113221
In base 6, what is -21402 - 122?
-21524
In base 16, what is -a + -6876?
-6880
In base 9, what is -8661 + 351?
-8310
In base 9, what is 7678 + 442?
8231
In base 7, what is 631 - 24?
604
In base 13, what is 4 + 16686?
1668a
In base 6, what is 3 - -43244?
43251
In base 8, what is 205566 - 2?
205564
In base 4, what is -332 - -101133?
100201
In base 10, what is 25 - 5021?
-4996
In base 16, what is -1 + 406f9?
406f8
In base 9, what is 2 + 223040?
223042
In base 9, what is -114351 + 4?
-114346
In base 6, what is 42 - -5050?
5132
In base 7, what is -2 + 131210?
131205
In base 16, what is 3d + -230?
-1f3
In base 3, what is -122121001 - -12?
-122120212
In base 9, what is -804 - 3003?
-3807
In base 13, what is -2153c - 5?
-21544
In base 13, what is 1c1 - 6?
1b8
In base 7, what is -152 - -42142?
41660
In base 13, what is 53 - 1578?
-1525
In base 9, what is 1034 + 7025?
8060
In base 5, what is -320411334 + -10?
-320411344
In base 9, what is 0 + -24531?
-24531
In base 11, what is 7 - -1505a?
15066
In base 10, what is -320416 + -5?
-320421
In base 12, what is 1 + -2bb227?
-2bb226
In base 2, what is 1011111000101100001100 - -100?
1011111000101100010000
In base 13, what is -1442c + -1?
-14430
In base 5, what is -21144231 + 4?
-21144222
In base 16, what is 7b52 + -b?
7b47
In base 14, what is 2 - -4c1d?
4c21
In base 9, what is 26 - -507016?
507043
In base 13, what is -5 - 875?
-87a
In base 4, what is 30203001032 - -2?
30203001100
In base 8, what is 4 - 26032?
-26026
In base 7, what is -5225210 + 5?
-5225202
In base 11, what is -1757 - -9?
-1749
In base 10, what is -239 - 760?
-999
In base 11, what is 4094 + 1?
4095
In base 3, what is 0 - 11210112211?
-11210112211
In base 11, what is 831a + -16?
8304
In base 9, what is -30 + -2608?
-2638
In base 3, what is -212221101002011 - -2?
-212221101002002
In base 9, what is 3 + -1312204?
-1312201
In base 3, what is 221121220 + -10?
221121210
In base 12, what is -1646 - -3?
-1643
In base 6, what is -15141 - 323?
-15504
In base 15, what is c4b - 6a0?
59b
In base 8, what is 45202 - 5?
45175
In base 15, what is -ad + -5ee?
-6ac
In base 16, what is -40 - -2d8?
298
In base 9, what is -16 - 1707?
-1724
In base 4, what is -231211 + 1210?
-230001
In base 2, what is 101 + 100110110000110?
100110110001011
In base 6, what is 2541 - -33?
3014
In base 13, what is -4b88 + -26?
-4bb1
In base 10, what is -6370 + 57?
-6313
In base 3, what is 110211 + -121000?
-10012
In base 14, what is -4838 + 3?
-4835
In base 8, what is -5 + -4563?
-4570
In base 12, what is -21982 + -4?
-21986
In base 11, what is -7473 - -3?
-7470
In base 5, what is 101 - -1202402?
1203003
In base 10, what is -425 - -25?
-400
In base 16, what is -d728 - -4?
-d724
In base 13, what is 1809a + 1?
1809b
In base 8, what is 3207204 + 5?
3207211
In base 2, what is -1101 + -10011101010101?
-10011101100010
In base 5, what is -1212122 + 0?
-1212122
In base 14, what is -98a7 - 6?
-98ad
In base 15, what is -112d - -5?
-1128
In base 10, what is -5793 - 19?
-5812
In base 15, what is 31ab9 - 2?
31ab7
In base 10, what is 13704 - 14?
13690
In base 9, what is -1 + 23754?
23753
In base 6, what is 104 + 110243?
110351
In base 9, what is -1805 - 1025?
-2831
In base 15, what is 3b203 + 4?
3b207
In base 7, what is 0 - -10136426?
10136426
In base 15, what is -1 + 499c2?
499c1
In base 8, what is -6511 + -43?
-6554
In base 15, what is -1 - -d8e5?
d8e4
In base 16, what is 7b + 504?
57f
In base 15, what is 1d3 - a?
1c8
In base 9, what is -468 + 8770?
8301
In base 2, what is 100110110011000 + 111?
100110110011111
In base 16, what is -e3 - 870?
-953
In base 8, what is -1733 + -131?
-2064
In base 12, what is -1087a + -5?
-10883
In base 6, what is 0 + 10234443?
10234443
In base 16, what is c6ed + -3?
c6ea
In base 5, what is 1444031 + -3?
1444023
In base 15, what is -d - b45?
-b53
In base 13, what is -5 + 4b41b?
4b416
In base 11, what is 649 - -136?
784
In base 4, what is 30 - 212313?
-212223
In base 4, what is 12200113033 + 2?
12200113101
In base 9, what is -26760 + 2?
-26757
In base 15, what is 4 - -2165?
2169
In base 9, what is -15 + -233047?
-233063
In base 4, what is -1203 - -1031210?
1030001
In base 11, what is 8 - 94069?
-94061
In base 4, what is -31 + -223032?
-223123
In base 8, what is 1577 + -4254?
-2455
In base 11, what is -9 - -a1726?
a1718
In base 6, what is -135503 - -10?
-135453
In base 10, what is 9150 - 79?
9071
In base 6, what is -4 - -11112?
11104
In base 11, what is -19 - -12?
-7
In base 12, what is 3b5 - 27?
38a
In base 6, what is -1233 - -12115?
10442
In base 7, what is -116565 - -13?
-116552
In base 15, wh